0?
3
What is the thousands digit of 1585134?
5
What is the tens digit of 25511370?
7
What is the hundred thousands digit of 11459108?
4
What is the hundred thousands digit of 9783697?
7
What is the units digit of 3695797?
7
What is the thousands digit of 641132?
1
What is the hundreds digit of 4786672?
6
What is the thousands digit of 836434?
6
What is the thousands digit of 858457?
8
What is the ten thousands digit of 504644?
0
What is the units digit of 53474?
4
What is the units digit of 6928566?
6
What is the tens digit of 201216?
1
What is the hundreds digit of 3974627?
6
What is the hundreds digit of 142994?
9
What is the ten millions digit of 12593335?
1
What is the ten thousands digit of 2461395?
6
What is the ten thousands digit of 312807?
1
What is the hundreds digit of 9452257?
2
What is the tens digit of 3290648?
4
What is the thousands digit of 1443183?
3
What is the hundred thousands digit of 498847?
4
What is the millions digit of 4517958?
4
What is the units digit of 2210509?
9
What is the units digit of 104596?
6
What is the hundreds digit of 425672?
6
What is the units digit of 2497887?
7
What is the units digit of 204798?
8
What is the millions digit of 3577260?
3
What is the ten thousands digit of 20060662?
6
What is the tens digit of 548801?
0
What is the millions digit of 1416691?
1
What is the ten thousands digit of 466480?
6
What is the hundreds digit of 885842?
8
What is the ten millions digit of 23566872?
2
What is the units digit of 2065278?
8
What is the thousands digit of 20894782?
4
What is the hundreds digit of 314284?
2
What is the hundred thousands digit of 265842?
2
What is the hundreds digit of 35181?
1
What is the hundreds digit of 334861?
8
What is the hundred thousands digit of 992774?
9
What is the thousands digit of 768160?
8
What is the units digit of 129887?
7
What is the thousands digit of 4867147?
7
What is the units digit of 2292436?
6
What is the thousands digit of 11525726?
5
What is the hundreds digit of 2909308?
3
What is the hundred thousands digit of 672050?
6
What is the millions digit of 9408523?
9
What is the millions digit of 1374519?
1
What is the ten thousands digit of 71046?
7
What is the millions digit of 6071069?
6
What is the hundreds digit of 823385?
3
What is the tens digit of 5233553?
5
What is the tens digit of 158335?
3
What is the hundred thousands digit of 1823225?
8
What is the thousands digit of 450539?
0
What is the hundreds digit of 264110?
1
What is the tens digit of 11117963?
6
What is the tens digit of 519482?
8
What is the ten thousands digit of 1144586?
4
What is the ten thousands digit of 6542602?
4
What is the ten thousands digit of 127424?
2
What is the hundreds digit of 1272418?
4
What is the units digit of 7878644?
4
What is the hundreds digit of 3173056?
0
What is the millions digit of 7078149?
7
What is the units digit of 2668672?
2
What is the hundred thousands digit of 22374324?
3
What is the thousands digit of 420732?
0
What is the tens digit of 874961?
6
What is the hundreds digit of 14606623?
6
What is the hundred thousands digit of 146178?
1
What is the thousands digit of 5747227?
7
What is the ten thousands digit of 563222?
6
What is the ten thousands digit of 1648144?
4
What is the ten thousands digit of 735749?
3
What is the hundreds digit of 141069?
0
What is the thousands digit of 1999766?
9
What is the millions digit of 1462398?
1
What is the units digit of 707976?
6
What is the millions digit of 5072567?
5
What is the hundred thousands digit of 3310402?
3
What is the millions digit of 3492412?
3
What is the hundred thousands digit of 3010472?
0
What is the units digit of 13474056?
6
What is the tens digit of 24562065?
6
What is the millions digit of 1021140?
1
What is the millions digit of 8229943?
8
What is the units digit of 670846?
6
What is the thousands digit of 3012026?
2
What is the millions digit of 2921832?
2
What is the hundreds digit of 481887?
8
What is the units digit of 9393099?
9
What is the hundreds digit of 2384363?
3
What is the hundreds digit of 216175?
1
What is the thousands digit of 4968299?
8
What is the hundred thousands digit of 757562?
7
What is the tens digit of 515790?
9
What is the ten thousands digit of 5111154?
1
What is the thousands digit of 149666?
9
What is the ten thousands digit of 9744778?
4
What is the tens digit of 4331527?
2
What is the units digit of 95388?
8
What is the ten thousands digit of 8543412?
4
What is the ten thousands digit of 11373805?
7
What is the units digit of 94434?
4
What is the ten thousands digit of 2364364?
6
What is the ten thousands digit of 483972?
8
What is the hundreds digit of 2487338?
3
What is the millions digit of 8135612?
8
What is the hundreds digit of 127520?
5
What is the ten thousands digit of 367980?
6
What is the hundred thousands digit of 950771?
9
What is the units digit of 7090993?
3
What is the units digit of 392754?
4
What is the hundred thousands digit of 222981?
2
What is the thousands digit of 1380445?
0
What is the tens digit of 136236?
3
What is the millions digit of 3359247?
3
What is the thousands digit of 10232342?
2
What is the hundred thousands digit of 816914?
8
What is the hundred thousands digit of 641628?
6
What is the units digit of 13263152?
2
What is the tens digit of 402564?
6
What is the millions digit of 1679618?
1
What is the thousands digit of 1865960?
5
What is the ten thousands digit of 4980952?
8
What is the tens digit of 2881165?
6
What is the thousands digit of 599676?
9
What is the ten thousands digit of 45155?
4
What is the hundreds digit of 1713251?
2
What is the hundred thousands digit of 3675177?
6
What is the units digit of 3421786?
6
What is the hundred thousands digit of 598087?
5
What is the thousands digit of 1850096?
0
What is the hundred thousands digit of 1597017?
5
What is the hundred thousands digit of 4784646?
7
What is the thousands digit of 88915?
8
What is the tens digit of 2038866?
6
What is the tens digit of 591585?
8
What is the hundreds digit of 2836580?
5
What is the units digit of 136315?
5
What is the hundred thousands digit of 25896524?
8
What is the thousands digit of 2381556?
1
What is the hundred thousands digit of 494532?
4
What is the millions digit of 10390992?
0
What is the thousands digit of 276723?
6
What is the hundred thousands digit of 1821539?
8
What is the tens digit of 283651?
5
What is the hundred thousands digit of 4081079?
0
What is the millions digit of 5516246?
5
What is the millions digit of 3114927?
3
What is the thousands digit of 6766768?
6
What is the thousands digit of 362899?
2
What is the thousands digit of 12351411?
1
What is the hundred thousands digit of 350577?
3
What is the ten thousands digit of 5672971?
7
What is the units digit of 52829?
9
What is the millions digit of 2850724?
2
What is the hundreds digit of 4596840?
8
What is the tens digit of 1671914?
1
What is the ten thousands digit of 4116068?
1
What is the millions digit of 23939169?
3
What is the tens digit of 88602?
0
What is the tens digit of 14514165?
6
What is the hundred thousands digit of 11083259?
0
What is the hundred thousands digit of 124369?
1
What is the units digit of 5449030?
0
What is the units digit of 818206?
6
What is the thousands digit of 2297962?
7
What is the tens digit of 1923597?
9
What is the tens digit of 21676681?
8
What is the hundreds digit of 120702?
7
What is the millions digit of 1294135?
1
What is the hundreds digit of 2324916?
9
What is the ten thousands digit of 1439379?
3
What is the thousands digit of 4049417?
9
What is the ten thousands digit of 1146771?
4
What is the thousands digit of 20490748?
0
What is the ten thousands digit of 6482387?
8
What is the ten thousands digit of 179819?
7
What is the ten thousands digit of 262299?
6
What is the millions digit of 1592590?
1
What is the units digit of 1071065?
5
What is the thousands digit of 797223?
7
What is the tens digit of 388769?
6
What is the tens digit of 935570?
7
What is the tens digit of 4252014?
1
What is the units digit of 3637092?
2
What is the ten thousands digit of 166078?
6
What is the thousands digit of 279607?
9
What is the units digit of 725861?
1
What is the hundred thousands digit of 333471?
3
What is the th